{"id":1534,"date":"2013-12-02T22:40:32","date_gmt":"2013-12-02T20:40:32","guid":{"rendered":"http:\/\/tsv1861ostheimrhoen.de\/?page_id=1534"},"modified":"2014-01-06T10:00:53","modified_gmt":"2014-01-06T08:00:53","slug":"chronik","status":"publish","type":"page","link":"http:\/\/tsv1861ostheimrhoen.de\/?page_id=1534","title":{"rendered":"Chronik"},"content":{"rendered":"<p><strong>2009<\/strong> Bereits im Fr\u00fchjahr bestand der Gedanke von Michael Hofman, unter dem Schirm des TSV eine Kegelmannschaft f\u00fcr den offiziellen Punktspielbetrieb zu melden. Gerne nahm die Vorstandschaft des Vereins dieses Idee an. Mit Tim Ortloff, Claudia Friedberger, Bernd Ortloff und Monja M\u00e4hler konnte er weitere, bereits h\u00f6herklassig spielende, Mitstreiter gewinnen. Die Neulinge Carsten He\u00df und Rolf Stanek komplettierten die Mannschaft, die im September 2009 in der Kreisklasse C Nord auf Punktejagt ging. Heimbahn \/ Trainingsbahn war im &#8222;Th\u00fcringer Landhotel&#8220; in Ostheim.<\/p>\n<p><strong>2010<\/strong> Nach einer erfolgreichen ersten Saison mit der Vizemeisterschaft in der Kreisklasse C Nord konnte die Kegelabteilung des TSV Ostheim bereits im 2. Jahr eine zweite Mannschaft f\u00fcr den Punktbetrieb melden. Die 1. Mannschaft spielt weiterhin in der Kreisklasse C Nord, die 2. Mannschaft geht mit vier Sportkeglern in der Kreisklasse D Nord auf Punktejagt. Mit Andreas Gen\u00dfler, der als Neuling bereits in der 1. Mannschaft f\u00fcr konstant gute Leistung sorgt sowie den Neuzug\u00e4ngen Sebastian Keller, Fabian Landgraf und Hans-Walter Wagner, die vom TSV Stockheim gewechselt sind, ist man stark aufgestellt. Die im Mai letzten Jahres erstmals durchgef\u00fchrten Ostheimer Stadtmeisterschaft im Kegeln war ein voller Erfolg.<\/p>\n<div id=\"attachment_1634\" style=\"width: 258px\" class=\"wp-caption aligncenter\"><a href=\"http:\/\/tsv1861ostheimrhoen.de\/wp-content\/uploads\/2013\/12\/ScanImage002fdf.jpg\"><img loading=\"lazy\" decoding=\"async\" aria-describedby=\"caption-attachment-1634\" class=\"size-full wp-image-1634\" alt=\"Hinten von links: Rolf Stanek, Fabian Landgraf, Bernd Ortloff; vorne von links: Christian Just, Michael Hofmann, Andreas Gen\u00dfler. Es fehlen Hans-Walter Wagner, Monja Hess-M\u00e4hler und Carsten Hess.\" src=\"http:\/\/tsv1861ostheimrhoen.de\/wp-content\/uploads\/2013\/12\/ScanImage002fdf.jpg\" width=\"248\" height=\"274\" \/><\/a><p id=\"caption-attachment-1634\" class=\"wp-caption-text\">Hinten von links: Rolf Stanek, Fabian Landgraf, Bernd Ortloff; vorne von links: Christian Just, Michael Hofmann, Andreas Gen\u00dfler. Es fehlen Hans-Walter Wagner, Monja Hess-M\u00e4hler und Carsten Hess.<\/p><\/div>\n<p><strong>2012<\/strong> Die 1. Mannschaft der Ostheimer Kegler konnte den zweiten Aufstieg in Folge feiern, diesmal in die Kreisklasse A Nord mit 28:4 Punkten. Jedoch musste man im vor dem Rundenbeginn im September den Verlust der heimischen Kegelbahn hinnehmen, da das &#8222;Rh\u00f6nOtel&#8220; kurzfristig geschlossen wurde. Auf der Bahn des TSV Sondheim\/Rh\u00f6n wurde man \u00e4u\u00dferst freundschaftlich aufgenommen und f\u00fchlt sich mittlerweile heimisch. Herzlichen dank an den TSV Sondheim\/Rh\u00f6n. Durch den Wegfall der Kegelanlage in Ostheim entschlossen sich drei Spieler der ersten Mannschaft, zu h\u00f6herklassigen Vereinen zu wechseln. Dadurch konnte in der neuen Runde 2011\/2012 nur noch eine Mannschaft gemeldet werden. Man tat sich die ganze Runde \u00fcber sehr schwer, nicht nur auf der anfangs ungewohnten Sondheimer Anlage, sondern verlor auch mehrmals \u00e4u\u00dferst ungl\u00fcckllich bei den Ausw\u00e4rtsspielen.<\/p>\n<p>Mehr \u00fcber unsere Kegler ist in Arbeit und kommt bald &#8230;<\/p>\n","protected":false},"excerpt":{"rendered":"<p>2009 Bereits im Fr\u00fchjahr bestand der Gedanke von Michael Hofman, unter dem Schirm des TSV eine Kegelmannschaft f\u00fcr den offiziellen Punktspielbetrieb zu melden. Gerne nahm die Vorstandschaft des Vereins dieses <a class=\"more-link\" href=\"http:\/\/tsv1861ostheimrhoen.de\/?page_id=1534\">Klicke hier um alles zu lesen &rarr;<\/a><\/p>\n","protected":false},"author":1,"featured_media":0,"parent":22,"menu_order":0,"comment_status":"closed","ping_status":"closed","template":"","meta":{"ngg_post_thumbnail":0,"footnotes":""},"class_list":["post-1534","page","type-page","status-publish","hentry"],"_links":{"self":[{"href":"http:\/\/tsv1861ostheimrhoen.de\/index.php?rest_route=\/wp\/v2\/pages\/1534","targetHints":{"allow":["GET"]}}],"collection":[{"href":"http:\/\/tsv1861ostheimrhoen.de\/index.php?rest_route=\/wp\/v2\/pages"}],"about":[{"href":"http:\/\/tsv1861ostheimrhoen.de\/index.php?rest_route=\/wp\/v2\/types\/page"}],"author":[{"embeddable":true,"href":"http:\/\/tsv1861ostheimrhoen.de\/index.php?rest_route=\/wp\/v2\/users\/1"}],"replies":[{"embeddable":true,"href":"http:\/\/tsv1861ostheimrhoen.de\/index.php?rest_route=%2Fwp%2Fv2%2Fcomments&post=1534"}],"version-history":[{"count":8,"href":"http:\/\/tsv1861ostheimrhoen.de\/index.php?rest_route=\/wp\/v2\/pages\/1534\/revisions"}],"predecessor-version":[{"id":1765,"href":"http:\/\/tsv1861ostheimrhoen.de\/index.php?rest_route=\/wp\/v2\/pages\/1534\/revisions\/1765"}],"up":[{"embeddable":true,"href":"http:\/\/tsv1861ostheimrhoen.de\/index.php?rest_route=\/wp\/v2\/pages\/22"}],"wp:attachment":[{"href":"http:\/\/tsv1861ostheimrhoen.de\/index.php?rest_route=%2Fwp%2Fv2%2Fmedia&parent=1534"}],"curies":[{"name":"wp","href":"https:\/\/api.w.org\/{rel}","templated":true}]}}