{"id":1537,"date":"2013-12-02T22:42:41","date_gmt":"2013-12-02T20:42:41","guid":{"rendered":"http:\/\/tsv1861ostheimrhoen.de\/?page_id=1537"},"modified":"2021-02-23T21:17:27","modified_gmt":"2021-02-23T19:17:27","slug":"chronik","status":"publish","type":"page","link":"http:\/\/tsv1861ostheimrhoen.de\/?page_id=1537","title":{"rendered":"Chronik"},"content":{"rendered":"<p>Wie ein Veilchen im Verborgenen bl\u00fcht, so macht sich die Skiabteilung des TSV Ostheim nur hin wieder bemerkbar. Logischerweise im Winter, wenn gen\u00fcgend Schnee die H\u00e4nge der Rh\u00f6n bedeckt, wenn die Lifte laufen und die Loipen gespurt sind.<\/p>\n<p><a href=\"http:\/\/tsv1861ostheimrhoen.de\/wp-content\/uploads\/2013\/11\/ScanImage008.jpg\"><img loading=\"lazy\" decoding=\"async\" class=\"aligncenter size-full wp-image-1508\" src=\"http:\/\/tsv1861ostheimrhoen.de\/wp-content\/uploads\/2013\/11\/ScanImage008.jpg\" alt=\"\" width=\"349\" height=\"236\" srcset=\"http:\/\/tsv1861ostheimrhoen.de\/wp-content\/uploads\/2013\/11\/ScanImage008.jpg 349w, http:\/\/tsv1861ostheimrhoen.de\/wp-content\/uploads\/2013\/11\/ScanImage008-300x202.jpg 300w\" sizes=\"auto, (max-width: 349px) 100vw, 349px\" \/><\/a>Dabei ist diese Abteilung schon seit 1936 nachweisbar, als vom TSV Ostheim die ersten Skipioniere am Rothberg &#8211; oberhalb der Gemeinde Roth &#8211; mutig den steilen Hang hinuntersausten. Sportlehrer Walter Preil, Ski-\u00dcbungsleiterin Elfriede Werner (verh. Gunzenheimer), Johannes Werner und Hermann Gunzenheimer geh\u00f6rten im TSV zu den Pionieren dieser Sportart.<br \/>\nIm Jahre 1971 wurde vom Fuhrunternehmer Oswald Schleicher oberhalb der Th\u00fcringer H\u00fctte am Ilmenberg ein Skilift erbaut, der von der Bev\u00f6lkerung der Vorderrh\u00f6n bis heute rege genutzt wird. So auch f\u00fcr die Skibegeisterten des TSV Ostheim. Seit den 80er Jahren finden hier immer wieder alpine Wettbewerbe&nbsp; des TSV Ostheim statt. Parallel dazu bietet der TSV seinen Mitgliedern f\u00fcr die Wintersaison Skigymnastik an, die gut besucht wird. Mehr als ein Jahrzehnt wurde diese Vorbereitungsgymnastik von Volker Gunzenheimer geleitet. Mittlerweile hat \u00dcbungsleiter Ali Louzri im Rahmen des Lauftreffs Skigymnastik im winterlichen Programm.<\/p>\n<div id=\"attachment_1561\" style=\"width: 764px\" class=\"wp-caption aligncenter\"><a href=\"http:\/\/tsv1861ostheimrhoen.de\/wp-content\/uploads\/2013\/12\/Skiausflug.jpg\"><img loading=\"lazy\" decoding=\"async\" aria-describedby=\"caption-attachment-1561\" class=\"size-large wp-image-1561\" src=\"http:\/\/tsv1861ostheimrhoen.de\/wp-content\/uploads\/2013\/12\/Skiausflug-1024x768.jpg\" alt=\"Bis auf den Gipfel des 3450 m hohen Hinteren Brunnenkopfes wagten sich im M\u00e4rz 2011 die Skifahrer des TSV Ostheim. Auf der Aussichtsplattform in luftiger H\u00f6he genossen (v. l.) Mike Zehe, Heiko Zehe, Martin Krau\u00df, Volker Gunzenheimer und Markus Hietsch die grandiose Aussicht auf unz\u00e4hlbare Alpengipfel.\" width=\"754\" height=\"565\" srcset=\"http:\/\/tsv1861ostheimrhoen.de\/wp-content\/uploads\/2013\/12\/Skiausflug-1024x768.jpg 1024w, http:\/\/tsv1861ostheimrhoen.de\/wp-content\/uploads\/2013\/12\/Skiausflug-300x225.jpg 300w, http:\/\/tsv1861ostheimrhoen.de\/wp-content\/uploads\/2013\/12\/Skiausflug.jpg 1200w\" sizes=\"auto, (max-width: 754px) 100vw, 754px\" \/><\/a><p id=\"caption-attachment-1561\" class=\"wp-caption-text\">Bis auf den Gipfel des 3450 m hohen Hinteren Brunnenkopfes wagten sich im M\u00e4rz 2011<br \/>die Skifahrer des TSV Ostheim. Auf der Aussichtsplattform in luftiger H\u00f6he genossen (v. l.) Mike Zehe,<br \/>Heiko Zehe, Martin Krau\u00df, Volker Gunzenheimer und Markus Hietsch die grandiose Aussicht<br \/>auf unz\u00e4hlbare Alpengipfel.<\/p><\/div>\n<p>Au\u00dfergew\u00f6hnliche Schneemengen machten es im Jahr 1987 m\u00f6glich, einen nordischen Volksskilauf vom TSV Sportplatz zu starten, der ins Gries und am Heidelberg entlang f\u00fchrte. Rund 60 Personen begaben sich auf den 10-km-Rundkurs, f\u00fcr den Peter Eckert und Volker Gunzenheimer eine Loipe gezogen hatten.<br \/>\nIn unregelm\u00e4\u00dfigen Abst\u00e4nden fanden immer wieder Skikurse &#8211; vornehmlich f\u00fcr Kinder &#8211; am Ilmenberg statt. Sie werden bis heute von Volker Gunzenheimer geleitet. Zeitweise stand DSV-\u00dcbungsleiter Wolfgang Schulz zur Verf\u00fcgung. Enkel Carl-Ferndinand Wei\u00df will nun das TSV-Skiteam verst\u00e4rken.<br \/>\nZu den Aktivit\u00e4ten geh\u00f6rten \u00fcber viele Jahre Ausfl\u00fcge ins Kleine Walsertal, ins Schnalstal und ins Pitztal. Hier hatte sich eine recht aktive Gruppe zusammengefunden, die bei diesen meist Wochenendausfl\u00fcgen &#8211; viel Spa\u00df bei Geselligkeit und Wintersport fanden.<br \/>\nIm vergangenen Jahrzehnt konnten mit Hilfe zahlreicher Helfer immer wieder Abfahrtsl\u00e4ufe, ja sogar \u201eStadtmeisterschaften\u201c am Ilmenberg stattfinden. Eigens angeschaffte Slalomstangen und die gro\u00dfz\u00fcgige Liftbetreiberfamilie Schleicher machten diese Wettbewerbe an dem kleinen, aber schneesicheren Hang m\u00f6glich. Vor allem Kinder und Jugendliche sausten mit Begeisterung durch den Stangenwald und sammelten hier ihre ersten Erfahrungen mit den \u201eBrettern\u201c.<\/p>\n<p><a href=\"http:\/\/tsv1861ostheimrhoen.de\/wp-content\/uploads\/2013\/11\/P1010012.jpg\"><img loading=\"lazy\" decoding=\"async\" class=\"aligncenter size-full wp-image-589\" src=\"http:\/\/tsv1861ostheimrhoen.de\/wp-content\/uploads\/2013\/11\/P1010012.jpg\" alt=\"\" width=\"800\" height=\"555\" srcset=\"http:\/\/tsv1861ostheimrhoen.de\/wp-content\/uploads\/2013\/11\/P1010012.jpg 800w, http:\/\/tsv1861ostheimrhoen.de\/wp-content\/uploads\/2013\/11\/P1010012-300x208.jpg 300w\" sizes=\"auto, (max-width: 800px) 100vw, 800px\" \/><\/a>Nach wie vor bietet der TSV Skikurse an, sei es f\u00fcr Langlauf oder alpin. Sie haben bislang immer im kleinen Rahmen mit jeweils nur einigen Teilnehmern stattgefunden, sich aber dadurch als recht effektiv erwiesen. F\u00fcr TSV Mitglieder fallen&nbsp; &#8211; au\u00dfer Liftgeb\u00fchren &#8211; hierf\u00fcr keine Kosten an. Ansprechperson f\u00fcr beide Sportarten ist Volker Gunzenheimer, Tel. 09777\/518.<\/p>\n<p>&nbsp;<\/p>\n<p><strong>Saison 2020-2021, Corona h\u00e4lt noch immer an:<\/strong><\/p>\n<p>Klein aber fein:<br \/>\nTSV-Wintersport<br \/>\nOstheim. (VG) Nach einem Bilderbuch-Winter mit viel Schnee aber begrenzten M\u00f6glichkeiten Wintersport in der Region zu betreiben, ist es an der Zeit Bilanz zu ziehen.<br \/>\nDie Funsportgruppe des TSV Ostheim mit dem sinnigen Namen \u201eFrostfrei\u201c hat in den Monaten Dezember, Januar und Februar zahlreiche Langlauftermine angeboten. Nach dem fr\u00fchen Wintereinbruch auf der Rh\u00f6n und weiteren starken Schneef\u00e4llen im Februar war zeitweise sogar in der Ostheimer Flur&nbsp; Langlauf gut m\u00f6glich. Nachdem aus \u201eCorona-Gr\u00fcnden\u201c alle Liftanlagen geschlossen blieben, bot sich diese Wintersportart als Alternative an. Aber auch hier gab es starke Einschr\u00e4nkungen gemeinsam Langlauf zu betreiben.<br \/>\nDennoch, einige Unverdrossene des TSV Ostheim waren an den Wochenenden&nbsp; in den letzten drei Monaten recht aktiv. Schon im Dezember 2020 war an f\u00fcnf&nbsp; Terminen Langlauf im \u201eLoipenpark Rotes Moor\u201c angesagt.<br \/>\nInsgesamt wurden es dann 22 Tage bzw. Nachmittage an denen die \u201eFrostfreien\u201c aktiv waren. Nachdem das Land Hessen wegen des starken Andrangs gro\u00dfe Parkpl\u00e4tze an der \u201eSchornhecke\u201c und an der Wasserkuppe geschlossen hatten, mu\u00dfte man zeitweise auf die th\u00fcringische Rh\u00f6n, also das Gebiet rund um Frankenheim, ausweichen. Hier ist Langlauf in gepflegten Loipen ein echter Volkssport an dem sich die ganze Familie beteiligt. Aber auch die Loipe von der Th\u00fcringer H\u00fctte hinauf zur Hochrh\u00f6n bot sich als abwechslungsreiche Alternative an.<br \/>\nErfreulicher Abschluss der Skisaison fand gleich vor der \u201eHaust\u00fcr\u201c statt. Zwei Freunde des Langlaufs, Werner Ortloff und Werner Walter zogen an verschiedenen Stellen der Ostheimer Flur mit dem Traktor Loipen. Hier konnte man mehrere Tage bei besten Schneeverh\u00e4ltnissen und Sonnenschein Langlauf \u201egenie\u00dfen\u201c.<br \/>\nSchade nur, das die Corona-Auflagen eine bessere Bekanntgabe der Termine nicht m\u00f6glich macht. Langlauf z\u00e4hlt zu den ges\u00fcndesten und effektivsten Sportarten f\u00fcr alle die etwas f\u00fcr ihre Fitness tun wollen. Hier sind nicht zuletzt die Amateurfu\u00dfballer angesprochen, die sich ja in einer nachhaltigen Zwangspause befinden.<br \/>\nWeitere Informationen, sei es m\u00fcndlich, telefonisch (09777\/518) oder per mail: gibt es bei&nbsp; <a href=\"mailto:druckereigunzen@aol.com\">druckereigunzen@aol.com<\/a><\/p>\n<p>Bildunterschrift:<br \/>\nWintersport vor der Haust\u00fcr: Langlauf bei Sonnenschein mit Ostheim-Panorama.&nbsp;&nbsp;&nbsp; Foto: VG<\/p>\n<p><img loading=\"lazy\" decoding=\"async\" class=\"size-large wp-image-2522\" src=\"http:\/\/tsv1861ostheimrhoen.de\/wp-content\/uploads\/2021\/02\/IMG_20210220_110937-1024x581.jpg\" alt=\"\" width=\"678\" height=\"385\" srcset=\"http:\/\/tsv1861ostheimrhoen.de\/wp-content\/uploads\/2021\/02\/IMG_20210220_110937-1024x581.jpg 1024w, http:\/\/tsv1861ostheimrhoen.de\/wp-content\/uploads\/2021\/02\/IMG_20210220_110937-300x170.jpg 300w, http:\/\/tsv1861ostheimrhoen.de\/wp-content\/uploads\/2021\/02\/IMG_20210220_110937-768x436.jpg 768w, http:\/\/tsv1861ostheimrhoen.de\/wp-content\/uploads\/2021\/02\/IMG_20210220_110937-1536x872.jpg 1536w, http:\/\/tsv1861ostheimrhoen.de\/wp-content\/uploads\/2021\/02\/IMG_20210220_110937-2048x1162.jpg 2048w\" sizes=\"auto, (max-width: 678px) 100vw, 678px\" \/><\/p>\n","protected":false},"excerpt":{"rendered":"<p>Wie ein Veilchen im Verborgenen bl\u00fcht, so macht sich die Skiabteilung des TSV Ostheim nur hin wieder bemerkbar. Logischerweise im Winter, wenn gen\u00fcgend Schnee die H\u00e4nge der Rh\u00f6n bedeckt, wenn <a class=\"more-link\" href=\"http:\/\/tsv1861ostheimrhoen.de\/?page_id=1537\">Klicke hier um alles zu lesen &rarr;<\/a><\/p>\n","protected":false},"author":1,"featured_media":0,"parent":24,"menu_order":0,"comment_status":"closed","ping_status":"closed","template":"","meta":{"ngg_post_thumbnail":0,"footnotes":""},"class_list":["post-1537","page","type-page","status-publish","hentry"],"_links":{"self":[{"href":"http:\/\/tsv1861ostheimrhoen.de\/index.php?rest_route=\/wp\/v2\/pages\/1537","targetHints":{"allow":["GET"]}}],"collection":[{"href":"http:\/\/tsv1861ostheimrhoen.de\/index.php?rest_route=\/wp\/v2\/pages"}],"about":[{"href":"http:\/\/tsv1861ostheimrhoen.de\/index.php?rest_route=\/wp\/v2\/types\/page"}],"author":[{"embeddable":true,"href":"http:\/\/tsv1861ostheimrhoen.de\/index.php?rest_route=\/wp\/v2\/users\/1"}],"replies":[{"embeddable":true,"href":"http:\/\/tsv1861ostheimrhoen.de\/index.php?rest_route=%2Fwp%2Fv2%2Fcomments&post=1537"}],"version-history":[{"count":7,"href":"http:\/\/tsv1861ostheimrhoen.de\/index.php?rest_route=\/wp\/v2\/pages\/1537\/revisions"}],"predecessor-version":[{"id":2523,"href":"http:\/\/tsv1861ostheimrhoen.de\/index.php?rest_route=\/wp\/v2\/pages\/1537\/revisions\/2523"}],"up":[{"embeddable":true,"href":"http:\/\/tsv1861ostheimrhoen.de\/index.php?rest_route=\/wp\/v2\/pages\/24"}],"wp:attachment":[{"href":"http:\/\/tsv1861ostheimrhoen.de\/index.php?rest_route=%2Fwp%2Fv2%2Fmedia&parent=1537"}],"curies":[{"name":"wp","href":"https:\/\/api.w.org\/{rel}","templated":true}]}}