{"id":468,"date":"2013-11-12T16:02:44","date_gmt":"2013-11-12T14:02:44","guid":{"rendered":"http:\/\/tsv1861ostheimrhoen.de\/?page_id=468"},"modified":"2014-01-07T21:48:13","modified_gmt":"2014-01-07T19:48:13","slug":"chronik","status":"publish","type":"page","link":"http:\/\/tsv1861ostheimrhoen.de\/?page_id=468","title":{"rendered":"Chronik"},"content":{"rendered":"<p>Seit dem 12. April 1997 besteht die jetzige Tischtennis-Abteilung , nachdem in der 145-j\u00e4hrigen Vereinsgeschichte bereits mehrmals Tischtennis angeboten wurde (1948,1960,1976).<\/p>\n<p>Aus dem Kindertraining entwickelte sich erstmals 2000 f\u00fcr die 3.Kreisliga Nord Jungen eine gemischte Jugend-Mannschaft bestehend aus Simone Wehner, Anne Nennstiel, Anna-Maria und Johannes Pappe, Sascha Schmidt , Marius Benkert , Merlin Herbert.Die Neulinge beschlossen die Saison mit dem 8. Platz von 10 Teams.<\/p>\n<p>2001\/02 in der 2.Kreisliga Jungen spielten Simone Wehner, Merita Syla , Anna-Maria Pappe , Jochen Balaschov , Alexander Schwarzkopf , Besnik Syla und Johannes Pappe, der bester Einzelspieler mit einer Bilanz von 50:2 Spielen wurde. Das beste Doppel stellte er zusammen mit Jochen Balaschov.<\/p>\n<p>Im einzigen Jahr ohne Anna-Maria Pappe reichte es 2002\/03 in der 1.Kreisliga nur f\u00fcr den 9.Platz von 10 .<\/p>\n<p>Die Saison 2003\/04 ohne Johannes Pappe und sp\u00e4ter ohne Alexander Schwarzkopf, daf\u00fcr zur R\u00fcckrunde mit Besart Syla, wieder in der 2.Kreisliga Jungen bildeten Jochen Balaschov und Besnik Syla das Top-Doppel der Liga und das Team lag auf Platz 6 von 9.<br \/>\n2004 folgte ein Generationenwechsel mit Benedikt und Dominik Gutermuth, sowie Marco Sopp . Es blieben nur Anna-Maria Pappe und Besnik Syla \u00fcbrig.<\/p>\n<p>Zum Neustart begn\u00fcgte man sich mit der 3.Kreisliga Jungen, die 2005 mit Rang 7 abgeschlossen wurde.<\/p>\n<p>In der Spielzeit 2005\/06 ging mit Anna-Maria Pappe schlie\u00dflich das letzte Gr\u00fcndungsmitglied und Jan Heinrich fand Aufnahme. Als Vizemeister (bei 10 Mannschaften) war der Aufstieg in die 2. Kreisliga klare Sache.<\/p>\n<p>Die Saison 2006\/07 startet mit derselben Besetzung.<br \/>\nNachdem zwei Mannschaften sich zur\u00fcckgezogen haben, besteht die 2. Kreisliga nur aus 6 Mannschaften und der TSV Ostheim wird ungeschlagen Herbstmeister und am Ende eindeutig ohne Punktverlust Meister. Besnik uns Besart Syla verabschieden sich aus der Mannschaft.<\/p>\n<p>Die Saison 2007\/08 spielte die Jungenmannschaft des TSV Ostheim in der 1.Kreisliga und wiederholte die Herbstmeisterschaft. Letztlich reichte es aber am Ende nur\u00a0 f\u00fcr die Vizemeisterschaft. Jan Heinrich und Benedikt Gutermuth, seit 2004 Mannschaftsspieler verlassen altersbedingt die Mannschaft.<br \/>\nDas neue Team der Saison 2008\/09 setzte sich in der 1.Kreisliga wie folgt zusammen: Neben den lang gedienten Spielern Marco\u00a0 Sopp und Dominik Gutermuth ( 5 Spielzeiten )kamen Jim Dehart, Sven Koch und Katharina Gutermuth neu dazu. Das 2. Kreisranglistenturnier f\u00fcr Jugend fand in der Ostheimer Turnhalle statt.<br \/>\nDie Spielzeit 2009\/10 stellte einen Neuanfang dar. Zu Sven Koch und Katharina Gutermuth als Altbesetzung kamen neu Thomas Krahmann, Lukas Stiel und Otto Schlund dazu. Die junge noch unerfahrene Mannschaft trat folglich auch in 2. Kreisliga an. Am Ende war der vorletzte Tabellenplatz zu verbuchen.<br \/>\nZwei Nordheimer Neuzug\u00e4nge erweiterten das jetzt wieder reine Jungen-Team 2010\/11 : Marius Griebel und Ferdinand Fischer. Am Ende fand man sich in der 2. Kreisliga im Mittelfeld. Au\u00dfergew\u00f6hnlich war in diesem Jahr\u00a0 der Bundesliga-Besuch bei Fulda-Maberzell mit Tischtennislegende Jan-Uve Waldner.<br \/>\nAuch 2011\/12 hie\u00df die Besetzung in der 2.Kreisliga wieder: Koch, Schlund, Stiel, Krahmann,\u00a0 Griebel,\u00a0 Fischer. Man konnte also aus dem\u00a0 Vollen sch\u00f6pfen. Mittlerweile zeigen Spielerfahrung und Ehrgeiz ihre Fr\u00fcchte. Zum Abschlu\u00df war der 3. Tabellenplatz zu verzeichnen.<br \/>\nDie Spielzeit 2012\/13 beendet auch die Jugend-Spielzeit von Mannschaftsf\u00fchrer Sven Koch, der zweitbester Spieler der 2. Kreisliga wird. Die Mannschaft ( Koch, Schlund, Fischer, Griebel, Stiel) kann wieder einen Neuzugang diesmal aus Weisbach verzeichen: Stefan Wolf. Man erreicht die Vizemeisterschaft hinter dem TSV Heustreu.<\/p>\n","protected":false},"excerpt":{"rendered":"<p>Seit dem 12. April 1997 besteht die jetzige Tischtennis-Abteilung , nachdem in der 145-j\u00e4hrigen Vereinsgeschichte bereits mehrmals Tischtennis angeboten wurde (1948,1960,1976). Aus dem Kindertraining entwickelte sich erstmals 2000 f\u00fcr die <a class=\"more-link\" href=\"http:\/\/tsv1861ostheimrhoen.de\/?page_id=468\">Klicke hier um alles zu lesen &rarr;<\/a><\/p>\n","protected":false},"author":1,"featured_media":0,"parent":28,"menu_order":0,"comment_status":"closed","ping_status":"open","template":"","meta":{"ngg_post_thumbnail":0,"footnotes":""},"class_list":["post-468","page","type-page","status-publish","hentry"],"_links":{"self":[{"href":"http:\/\/tsv1861ostheimrhoen.de\/index.php?rest_route=\/wp\/v2\/pages\/468","targetHints":{"allow":["GET"]}}],"collection":[{"href":"http:\/\/tsv1861ostheimrhoen.de\/index.php?rest_route=\/wp\/v2\/pages"}],"about":[{"href":"http:\/\/tsv1861ostheimrhoen.de\/index.php?rest_route=\/wp\/v2\/types\/page"}],"author":[{"embeddable":true,"href":"http:\/\/tsv1861ostheimrhoen.de\/index.php?rest_route=\/wp\/v2\/users\/1"}],"replies":[{"embeddable":true,"href":"http:\/\/tsv1861ostheimrhoen.de\/index.php?rest_route=%2Fwp%2Fv2%2Fcomments&post=468"}],"version-history":[{"count":6,"href":"http:\/\/tsv1861ostheimrhoen.de\/index.php?rest_route=\/wp\/v2\/pages\/468\/revisions"}],"predecessor-version":[{"id":1798,"href":"http:\/\/tsv1861ostheimrhoen.de\/index.php?rest_route=\/wp\/v2\/pages\/468\/revisions\/1798"}],"up":[{"embeddable":true,"href":"http:\/\/tsv1861ostheimrhoen.de\/index.php?rest_route=\/wp\/v2\/pages\/28"}],"wp:attachment":[{"href":"http:\/\/tsv1861ostheimrhoen.de\/index.php?rest_route=%2Fwp%2Fv2%2Fmedia&parent=468"}],"curies":[{"name":"wp","href":"https:\/\/api.w.org\/{rel}","templated":true}]}}

<p>Seit dem 12. April 1997 besteht die jetzige Tischtennis-Abteilung , nachdem in der 145-jährigen Vereinsgeschichte bereits mehrmals Tischtennis angeboten wurde (1948,1960,1976).</p>
<p>Aus dem Kindertraining entwickelte sich erstmals 2000 für die 3.Kreisliga Nord Jungen eine gemischte Jugend-Mannschaft bestehend aus Simone Wehner, Anne Nennstiel, Anna-Maria und Johannes Pappe, Sascha Schmidt , Marius Benkert , Merlin Herbert.Die Neulinge beschlossen die Saison mit dem 8. Platz von 10 Teams.</p>
<p>2001/02 in der 2.Kreisliga Jungen spielten Simone Wehner, Merita Syla , Anna-Maria Pappe , Jochen Balaschov , Alexander Schwarzkopf , Besnik Syla und Johannes Pappe, der bester Einzelspieler mit einer Bilanz von 50:2 Spielen wurde. Das beste Doppel stellte er zusammen mit Jochen Balaschov.</p>
<p>Im einzigen Jahr ohne Anna-Maria Pappe reichte es 2002/03 in der 1.Kreisliga nur für den 9.Platz von 10 .</p>
<p>Die Saison 2003/04 ohne Johannes Pappe und später ohne Alexander Schwarzkopf, dafür zur Rückrunde mit Besart Syla, wieder in der 2.Kreisliga Jungen bildeten Jochen Balaschov und Besnik Syla das Top-Doppel der Liga und das Team lag auf Platz 6 von 9.<br />
2004 folgte ein Generationenwechsel mit Benedikt und Dominik Gutermuth, sowie Marco Sopp . Es blieben nur Anna-Maria Pappe und Besnik Syla übrig.</p>
<p>Zum Neustart begnügte man sich mit der 3.Kreisliga Jungen, die 2005 mit Rang 7 abgeschlossen wurde.</p>
<p>In der Spielzeit 2005/06 ging mit Anna-Maria Pappe schließlich das letzte Gründungsmitglied und Jan Heinrich fand Aufnahme. Als Vizemeister (bei 10 Mannschaften) war der Aufstieg in die 2. Kreisliga klare Sache.</p>
<p>Die Saison 2006/07 startet mit derselben Besetzung.<br />
Nachdem zwei Mannschaften sich zurückgezogen haben, besteht die 2. Kreisliga nur aus 6 Mannschaften und der TSV Ostheim wird ungeschlagen Herbstmeister und am Ende eindeutig ohne Punktverlust Meister. Besnik uns Besart Syla verabschieden sich aus der Mannschaft.</p>
<p>Die Saison 2007/08 spielte die Jungenmannschaft des TSV Ostheim in der 1.Kreisliga und wiederholte die Herbstmeisterschaft. Letztlich reichte es aber am Ende nur  für die Vizemeisterschaft. Jan Heinrich und Benedikt Gutermuth, seit 2004 Mannschaftsspieler verlassen altersbedingt die Mannschaft.<br />
Das neue Team der Saison 2008/09 setzte sich in der 1.Kreisliga wie folgt zusammen: Neben den lang gedienten Spielern Marco  Sopp und Dominik Gutermuth ( 5 Spielzeiten )kamen Jim Dehart, Sven Koch und Katharina Gutermuth neu dazu. Das 2. Kreisranglistenturnier für Jugend fand in der Ostheimer Turnhalle statt.<br />
Die Spielzeit 2009/10 stellte einen Neuanfang dar. Zu Sven Koch und Katharina Gutermuth als Altbesetzung kamen neu Thomas Krahmann, Lukas Stiel und Otto Schlund dazu. Die junge noch unerfahrene Mannschaft trat folglich auch in 2. Kreisliga an. Am Ende war der vorletzte Tabellenplatz zu verbuchen.<br />
Zwei Nordheimer Neuzugänge erweiterten das jetzt wieder reine Jungen-Team 2010/11 : Marius Griebel und Ferdinand Fischer. Am Ende fand man sich in der 2. Kreisliga im Mittelfeld. Außergewöhnlich war in diesem Jahr  der Bundesliga-Besuch bei Fulda-Maberzell mit Tischtennislegende Jan-Uve Waldner.<br />
Auch 2011/12 hieß die Besetzung in der 2.Kreisliga wieder: Koch, Schlund, Stiel, Krahmann,  Griebel,  Fischer. Man konnte also aus dem  Vollen schöpfen. Mittlerweile zeigen Spielerfahrung und Ehrgeiz ihre Früchte. Zum Abschluß war der 3. Tabellenplatz zu verzeichnen.<br />
Die Spielzeit 2012/13 beendet auch die Jugend-Spielzeit von Mannschaftsführer Sven Koch, der zweitbester Spieler der 2. Kreisliga wird. Die Mannschaft ( Koch, Schlund, Fischer, Griebel, Stiel) kann wieder einen Neuzugang diesmal aus Weisbach verzeichen: Stefan Wolf. Man erreicht die Vizemeisterschaft hinter dem TSV Heustreu.</p>

<p>Seit dem 12. April 1997 besteht die jetzige Tischtennis-Abteilung , nachdem in der 145-jährigen Vereinsgeschichte bereits mehrmals Tischtennis angeboten wurde (1948,1960,1976). Aus dem Kindertraining entwickelte sich erstmals 2000 für die <a class="more-link" href="http://tsv1861ostheimrhoen.de/?page_id=468">Klicke hier um alles zu lesen &rarr;</a></p>
