{"id":473,"date":"2013-11-12T16:08:52","date_gmt":"2013-11-12T14:08:52","guid":{"rendered":"http:\/\/tsv1861ostheimrhoen.de\/?page_id=473"},"modified":"2021-02-27T16:53:30","modified_gmt":"2021-02-27T14:53:30","slug":"trainingszeiten","status":"publish","type":"page","link":"http:\/\/tsv1861ostheimrhoen.de\/?page_id=473","title":{"rendered":"Trainingszeiten"},"content":{"rendered":"<p>Trainingszeit: Leider findet derzeit kein Training mehr statt, die Teilnahme war nicht ausreichend und mit Umbau bzw. Schlie\u00dfung der Schulsporthalle, waren Ausweichm\u00f6glichkeiten nicht vorhanden.<\/p>\n<p><strong><span style=\"color: #ff0000;\">Solltet ihr wieder Spa\u00df und Interesse haben, meldet euch einfach bei <span style=\"color: #0000ff;\"><a style=\"color: #0000ff;\" href=\"karin.goepfert@web.de\">Karin G\u00f6pfert<\/a><\/span> als \u00dcbungsleiterin und sie wird sich um alles Weitere k\u00fcmmern.<\/span><\/strong><\/p>\n","protected":false},"excerpt":{"rendered":"<p>Trainingszeit: Leider findet derzeit kein Training mehr statt, die Teilnahme war nicht ausreichend und mit Umbau bzw. Schlie\u00dfung der Schulsporthalle, waren Ausweichm\u00f6glichkeiten nicht vorhanden. Solltet ihr wieder Spa\u00df und Interesse <a class=\"more-link\" href=\"http:\/\/tsv1861ostheimrhoen.de\/?page_id=473\">Klicke hier um alles zu lesen &rarr;<\/a><\/p>\n","protected":false},"author":1,"featured_media":0,"parent":28,"menu_order":0,"comment_status":"closed","ping_status":"open","template":"","meta":{"ngg_post_thumbnail":0,"footnotes":""},"class_list":["post-473","page","type-page","status-publish","hentry"],"_links":{"self":[{"href":"http:\/\/tsv1861ostheimrhoen.de\/index.php?rest_route=\/wp\/v2\/pages\/473","targetHints":{"allow":["GET"]}}],"collection":[{"href":"http:\/\/tsv1861ostheimrhoen.de\/index.php?rest_route=\/wp\/v2\/pages"}],"about":[{"href":"http:\/\/tsv1861ostheimrhoen.de\/index.php?rest_route=\/wp\/v2\/types\/page"}],"author":[{"embeddable":true,"href":"http:\/\/tsv1861ostheimrhoen.de\/index.php?rest_route=\/wp\/v2\/users\/1"}],"replies":[{"embeddable":true,"href":"http:\/\/tsv1861ostheimrhoen.de\/index.php?rest_route=%2Fwp%2Fv2%2Fcomments&post=473"}],"version-history":[{"count":4,"href":"http:\/\/tsv1861ostheimrhoen.de\/index.php?rest_route=\/wp\/v2\/pages\/473\/revisions"}],"predecessor-version":[{"id":2536,"href":"http:\/\/tsv1861ostheimrhoen.de\/index.php?rest_route=\/wp\/v2\/pages\/473\/revisions\/2536"}],"up":[{"embeddable":true,"href":"http:\/\/tsv1861ostheimrhoen.de\/index.php?rest_route=\/wp\/v2\/pages\/28"}],"wp:attachment":[{"href":"http:\/\/tsv1861ostheimrhoen.de\/index.php?rest_route=%2Fwp%2Fv2%2Fmedia&parent=473"}],"curies":[{"name":"wp","href":"https:\/\/api.w.org\/{rel}","templated":true}]}}