{"id":481,"date":"2013-11-12T16:17:57","date_gmt":"2013-11-12T14:17:57","guid":{"rendered":"http:\/\/tsv1861ostheimrhoen.de\/?page_id=481"},"modified":"2021-02-27T16:43:11","modified_gmt":"2021-02-27T14:43:11","slug":"sport-nach-1","status":"publish","type":"page","link":"http:\/\/tsv1861ostheimrhoen.de\/?page_id=481","title":{"rendered":"Sport nach 1"},"content":{"rendered":"<p><strong>Sportarbeitsgemeinschaften \u201eSport nach 1\u201c<\/strong><\/p>\n<p>Das Bayerische Kultusministerium und der Bayerische Landes-Sportverband rufen jedes Jahr die Schulen und Sportvereine auf, Sportarbeitsgemeinschaften \u201eSport nach 1\u201c zu gr\u00fcnden.<\/p>\n<p>Mit diesen Kooperationen wurden Br\u00fccken geschlagen und die Sch\u00fclerinnen und Sch\u00fcler f\u00fcr den Sport bzw. f\u00fcr eine bestimmte Sportart begeistert. Das Ziel, durch \u201eSchnupperangebote\u201c die Kinder und Jugendlichen zu erreichen, die den Weg in den Verein von alleine nicht finden, wurde Jahr f\u00fcr Jahr neu gesetzt.<\/p>\n<p>&nbsp;<\/p>\n","protected":false},"excerpt":{"rendered":"<p>Sportarbeitsgemeinschaften \u201eSport nach 1\u201c Das Bayerische Kultusministerium und der Bayerische Landes-Sportverband rufen jedes Jahr die Schulen und Sportvereine auf, Sportarbeitsgemeinschaften \u201eSport nach 1\u201c zu gr\u00fcnden. Mit diesen Kooperationen wurden Br\u00fccken <a class=\"more-link\" href=\"http:\/\/tsv1861ostheimrhoen.de\/?page_id=481\">Klicke hier um alles zu lesen &rarr;<\/a><\/p>\n","protected":false},"author":1,"featured_media":0,"parent":1706,"menu_order":0,"comment_status":"closed","ping_status":"open","template":"","meta":{"ngg_post_thumbnail":0,"footnotes":""},"class_list":["post-481","page","type-page","status-publish","hentry"],"_links":{"self":[{"href":"http:\/\/tsv1861ostheimrhoen.de\/index.php?rest_route=\/wp\/v2\/pages\/481","targetHints":{"allow":["GET"]}}],"collection":[{"href":"http:\/\/tsv1861ostheimrhoen.de\/index.php?rest_route=\/wp\/v2\/pages"}],"about":[{"href":"http:\/\/tsv1861ostheimrhoen.de\/index.php?rest_route=\/wp\/v2\/types\/page"}],"author":[{"embeddable":true,"href":"http:\/\/tsv1861ostheimrhoen.de\/index.php?rest_route=\/wp\/v2\/users\/1"}],"replies":[{"embeddable":true,"href":"http:\/\/tsv1861ostheimrhoen.de\/index.php?rest_route=%2Fwp%2Fv2%2Fcomments&post=481"}],"version-history":[{"count":6,"href":"http:\/\/tsv1861ostheimrhoen.de\/index.php?rest_route=\/wp\/v2\/pages\/481\/revisions"}],"predecessor-version":[{"id":2533,"href":"http:\/\/tsv1861ostheimrhoen.de\/index.php?rest_route=\/wp\/v2\/pages\/481\/revisions\/2533"}],"up":[{"embeddable":true,"href":"http:\/\/tsv1861ostheimrhoen.de\/index.php?rest_route=\/wp\/v2\/pages\/1706"}],"wp:attachment":[{"href":"http:\/\/tsv1861ostheimrhoen.de\/index.php?rest_route=%2Fwp%2Fv2%2Fmedia&parent=481"}],"curies":[{"name":"wp","href":"https:\/\/api.w.org\/{rel}","templated":true}]}}